e the greatest common divisor of 65 and d.
5
Let k = 6467 + -6152. Calculate the greatest common factor of k and 1701.
63
Let g(c) = -18*c**2 + 4*c + 120. Let y be g(0). What is the highest common divisor of 420 and y?
60
Let n(u) = 2*u**2 - 123*u + 517. Let g be n(57). What is the greatest common divisor of 128 and g?
4
Let j be (-2)/6*(2 - 2). Suppose j = 22*u - 153 + 21. Let y = 71 + -29. Calculate the highest common factor of y and u.
6
Suppose 2*f = 5*c - 322, -4*c = 2*f - 5*f - 252. Let v be ((-3)/(-3)*c)/(3/2). Calculate the greatest common divisor of v and 110.
22
Let s = -9015 + 9075. Calculate the greatest common factor of 20 and s.
20
Let n be (-160)/(-35) - (-3)/7. Let k = -9 - -36. Suppose -112 = -n*g - k. What is the greatest common factor of 85 and g?
17
Let p(y) = 3 + 0*y**2 + 24*y**3 - 2*y + 3*y**2 - 4*y**2. Let x be p(1). Calculate the highest common factor of 12 and x.
12
Let f be (((-140)/(-8) + -8)*-2)/((-2)/86). What is the greatest common divisor of f and 688?
43
Let d = 75 + -10. Suppose 5*p + d = 5*j, 2*j + 3*j + 2*p = 58. Let k be 33 - -5 - (1 + 1). What is the highest common factor of j and k?
12
Suppose 20*s - 445200 = -170*s + 64760. Calculate the highest common divisor of s and 264.
44
Suppose -c + 3*m + 50 = 0, 7*c - 3*c - 5*m - 165 = 0. Let z be (9/27)/((-1)/(-30)). What is the greatest common factor of z and c?
5
Let f(t) = -t**2 - 19*t - 28. Let p be f(-17). Let n(r) = -r**2 - 9*r + 93. Let x be n(p). Calculate the highest common divisor of 15 and x.
3
Let d(m) = -22*m**3 - 391*m**2 + 49*m + 25. Let a be d(-18). Calculate the greatest common divisor of a and 378.
7
Suppose 296 = -48*z + 85*z. What is the greatest common factor of 16024 and z?
8
Suppose 11*c - 9*c - 18 = 0. Suppose -2424 - 861 = -c*u. Suppose -7*b + 90 = -u. What is the greatest common divisor of b and 26?
13
Suppose 4*q - 181 = 5*r, 3*q - 154 = -5*r - 27. Let n(o) = -110*o**3 - 12*o**2 - 25*o - 13. Let c be n(-1). Calculate the greatest common factor of c and q.
22
Let y be (-3 + 285/9)/2*21. Let x = y + 71. Calculate the highest common factor of x and 12.
12
Suppose 1591*n - 16 = 1587*n, -4*j = 4*n - 48944. Calculate the highest common divisor of j and 22.
22
Suppose 28*v = 23*v - 195. Let q be (-6)/v + 512/52. Suppose 4*b = -5*n - b + q, -n + 2*b = -17. Calculate the greatest common divisor of 77 and n.
7
Suppose 3*u - 204 = -3*d, -13*u - 569 = -d - 1397. Calculate the highest common factor of u and 144.
16
Let s be (34/51)/((2/(-36))/(-1)). Let p be (4 - (-438)/36) + (-2)/s. Suppose 168 = 20*f - p*f. Calculate the greatest common factor of 14 and f.
14
Suppose -6*o = -167*o + 29*o + 792. Calculate the highest common divisor of 4659 and o.
3
Let d be 4/10 - (-5352)/(-30). Let h be 17/51 + d/(-6). Suppose 0*f + 630 = 7*f. Calculate the greatest common divisor of h and f.
30
Let c(z) = z**2 - 5*z + 17. Let q be c(3). Let i(o) = -o**2 + o + 116. Let m be i(q). Suppose -l = -3*l + 84. Calculate the greatest common divisor of l and m.
6
Let l = 46620 - 31256. Calculate the highest common factor of 92 and l.
92
Suppose 2*s + q - 7290 = 0, 11288 = 4*s - 3*q - 3292. What is the highest common factor of s and 15?
15
Let c(f) = 20*f**2 + 16*f - 20. Suppose -12*v + 6*v = -30. Let r be c(v). Calculate the greatest common factor of 35 and r.
35
Let s = 56 - 52. Suppose -5*b - 2*f - 2*f = 19, 1 = b - s*f. Let g be (7/b)/(11/(-33)). What is the greatest common factor of g and 7?
7
Let b(s) = 7*s**2 - 3*s + 8. Let f(p) = -p - 6 + 7 + 3 + 2. Let q be f(4). Let n be b(q). What is the highest common factor of n and 40?
10
Suppose 2082*r = 2105*r - 14812. Calculate the highest common divisor of 112 and r.
28
Let q(v) = -61*v**3 - v**2 + 3*v + 4. Let w be q(-2). Suppose -8 = -2*j, 5*x - 3*j - w - 31 = 0. What is the greatest common divisor of 42 and x?
21
Let b(u) = u**3 + 10*u**2 - 12*u - 198. Let g be b(-8). Calculate the highest common divisor of g and 254.
2
Suppose -5*z - 4*d = 1110 - 1109, -2*d - 8 = 0. Calculate the highest common factor of z and 201.
3
Let s be (378/(-36))/(((-27)/3000)/3). Suppose -52*u = -62*u + s. What is the highest common divisor of u and 14?
14
Suppose 0*s + i + 6 = s, s + 3*i - 6 = 0. Suppose 2*p + m = -3*p + 1107, 4*p = -3*m + 879. Calculate the highest common factor of s and p.
6
Suppose -4*r + y - 39 + 2 = 0, 0 = y + 3. Let n be ((-22)/(-20) - 1) + (-179)/r. Calculate the greatest common divisor of n and 198.
18
Suppose 130*v = 134*v - 12. Suppose -2*w + v = -21. Calculate the highest common divisor of w and 24.
12
Suppose 4*j = -0*j + 168. Let d(z) = -z**3 + 20*z**2 + 4*z - 10. Let n be d(20). What is the highest common divisor of n and j?
14
Suppose -38*g + 4*x = -33*g - 708, -4*g + 570 = -5*x. Calculate the greatest common divisor of g and 8092.
28
Let a = 48 + -28. Let x(s) = -s**3 - 74*s**2 + 35*s - 2720. Let v be x(-75). Calculate the greatest common factor of v and a.
20
Let k be 1/(-2) + 115/46. Suppose 0 = -k*h - 2*h + 8. Suppose -16*o + 15*o + 6 = 0. Calculate the greatest common factor of o and h.
2
Let v(p) = 294*p - 540. Let o be v(2). Suppose 5*k = -3*t + 1574, -5*t + 4*t = k - 526. What is the greatest common factor of o and t?
48
Let s be (6/1)/((-4)/(-238)). Let m = s - 327. Calculate the highest common divisor of 20 and m.
10
Let b(i) = -i**2 + 7*i + 12. Suppose -17 - 15 = -4*f. Let z be b(f). Suppose 73 = 15*r - 227. Calculate the highest common divisor of r and z.
4
Let r = -189 + 193. Suppose -z + 47 = 5*h, -r*h = -z + h + 37. What is the highest common factor of z and 7?
7
Let j = -2 - -4. Suppose 11 = -y + j*y. Suppose 7*v = 5*v, 2*v = 2*r - 66. Calculate the highest common divisor of y and r.
11
Let j = 239 - 182. Suppose 3*g - 5*w - 39 = 0, 11*g = 15*g - 5*w - j. Calculate the highest common factor of 18 and g.
18
Suppose 0 = -5*j + 5*z + 145, -5*z - 42 + 17 = 0. Suppose -3*b + 1 = -r, 78*r - 74*r - 5*b = j. Calculate the greatest common divisor of 176 and r.
11
Suppose 827*a - 173*a + 510*a = 13968. Let m = 1 + 2. Calculate the highest common divisor of a and m.
3
Suppose -30715 = 132*u - 125227. What is the highest common factor of 4 and u?
4
Let v(t) = t**2 + 0*t + 0*t - 2*t - 6. Let o be v(-5). Let n be 22059/95 + 1/(-5). What is the highest common factor of o and n?
29
Suppose -25*o + 16*o = -20*o + 15004. What is the highest common factor of 1984 and o?
124
Suppose 40*p + 16240 = 68*p. What is the greatest common divisor of 116 and p?
116
Let y = 535 - 559. Let h be y*(-1 + 1/3). What is the greatest common divisor of 176 and h?
16
Let i(b) = 1323*b - 7718. Let k be i(6). What is the highest common factor of k and 1080?
20
Suppose 117 - 12 = 7*g. Suppose j - 5*b = 212, -b + 827 = g*j - 11*j. Let u = 5 - -18. Calculate the greatest common divisor of u and j.
23
Let r = 5104 + -4296. What is the greatest common divisor of 32 and r?
8
Suppose 0*d = 4*d - 3*x - 22, 2*x + 4 = 0. Suppose -10 = 4*j + 5*v, d*j + 2 = 2*j - v. Let h = 47 - j. What is the highest common factor of h and 235?
47
Let i be (22 - (-18225)/100) + 6/8. What is the highest common factor of 3403 and i?
41
Let o be 12/4 + 3 + 0. Let q(w) = -9*w**3 + 166*w**2 + 93*w + 62. Let j be q(19). What is the greatest common factor of o and j?
6
Let d(t) = -20*t + 394. Let b be d(18). What is the greatest common divisor of b and 3706?
34
Let r(q) be the third derivative of -q**6/120 - 5*q**5/12 + q**4 + 4*q**3 + 2*q**2 - 46. Let s be r(-26). Calculate the highest common divisor of 190 and s.
38
Let q(x) = x**3 + 8*x**2 + 6*x - 3. Let v be q(-7). Let m = 24 + 8. What is the greatest common divisor of m and v?
4
Suppose t - 3*u - 494 = 327, 2*u = -6*t + 4946. What is the greatest common divisor of 8 and t?
8
Let q = 69 + -56. Calculate the highest common factor of q and 637.
13
Let g(u) = u**3 + 8*u**2 - 12*u - 19. Let z be g(-9). Suppose 2*a - 137 = -5*w, 5*a = z*w - 3*w + 395. What is the highest common factor of 266 and a?
38
Suppose -y + 37*q = 43*q - 114, 0 = 3*y + 5*q - 342. Let n = -137 + 232. Calculate the highest common factor of y and n.
19
Suppose -8*a + 5*k - 6605 = -11*a, -8812 = -4*a - 4*k. What is the greatest common factor of 90 and a?
45
Suppose 5*j + 4*x - 430 = 0, -2*x = -3*x. Let f be (4 - -39)/(1/1). What is the highest c